{"id":12872,"date":"2018-03-27T02:02:58","date_gmt":"2018-03-27T02:02:58","guid":{"rendered":"http:\/\/paroquianossasenhoradaescada.com\/newsite\/?page_id=12872"},"modified":"2018-03-27T02:15:57","modified_gmt":"2018-03-27T02:15:57","slug":"exame-de-consciencia-2018","status":"publish","type":"page","link":"http:\/\/paroquianossasenhoradaescada.com\/newsite\/exame-de-consciencia-2018\/","title":{"rendered":"Exame de consci\u00eancia 2018"},"content":{"rendered":"<p>A confiss\u00e3o \u00e9 um sacramento que envolve o perd\u00e3o de pecados perante um padre ou bispo que neste momento atua em nome de Cristo, e o recebimento do perd\u00e3o divino das faltas confessadas e de uma penit\u00eancia (repara\u00e7\u00e3o de danos causados pelo pecado).<\/p>\n<p><a class=\"dt-single-image\" href=\"http:\/\/paroquianossasenhoradaescada.com\/newsite\/wp-content\/uploads\/2018\/03\/Exame_de_consciencia.jpeg\" data-dt-img-description=\"\"><img fetchpriority=\"high\" decoding=\"async\" class=\"aligncenter size-medium wp-image-12875\" src=\"http:\/\/paroquianossasenhoradaescada.com\/newsite\/wp-content\/uploads\/2018\/03\/Exame_de_consciencia-710x549.jpeg\" alt=\"\" width=\"710\" height=\"549\" srcset=\"http:\/\/paroquianossasenhoradaescada.com\/newsite\/wp-content\/uploads\/2018\/03\/Exame_de_consciencia-710x549.jpeg 710w, http:\/\/paroquianossasenhoradaescada.com\/newsite\/wp-content\/uploads\/2018\/03\/Exame_de_consciencia-768x593.jpeg 768w, http:\/\/paroquianossasenhoradaescada.com\/newsite\/wp-content\/uploads\/2018\/03\/Exame_de_consciencia-1024x791.jpeg 1024w, http:\/\/paroquianossasenhoradaescada.com\/newsite\/wp-content\/uploads\/2018\/03\/Exame_de_consciencia.jpeg 1280w\" sizes=\"(max-width: 710px) 100vw, 710px\" \/><\/a><\/p>\n","protected":false},"excerpt":{"rendered":"<p>A confiss\u00e3o \u00e9 um sacramento que envolve o perd\u00e3o de pecados perante um padre ou bispo que neste momento atua em nome de Cristo, e o recebimento do perd\u00e3o divino das faltas confessadas e de uma penit\u00eancia (repara\u00e7\u00e3o de danos causados pelo pecado).<\/p>\n","protected":false},"author":2,"featured_media":0,"parent":0,"menu_order":0,"comment_status":"closed","ping_status":"closed","template":"","meta":{"footnotes":""},"_links":{"self":[{"href":"http:\/\/paroquianossasenhoradaescada.com\/newsite\/wp-json\/wp\/v2\/pages\/12872"}],"collection":[{"href":"http:\/\/paroquianossasenhoradaescada.com\/newsite\/wp-json\/wp\/v2\/pages"}],"about":[{"href":"http:\/\/paroquianossasenhoradaescada.com\/newsite\/wp-json\/wp\/v2\/types\/page"}],"author":[{"embeddable":true,"href":"http:\/\/paroquianossasenhoradaescada.com\/newsite\/wp-json\/wp\/v2\/users\/2"}],"replies":[{"embeddable":true,"href":"http:\/\/paroquianossasenhoradaescada.com\/newsite\/wp-json\/wp\/v2\/comments?post=12872"}],"version-history":[{"count":0,"href":"http:\/\/paroquianossasenhoradaescada.com\/newsite\/wp-json\/wp\/v2\/pages\/12872\/revisions"}],"wp:attachment":[{"href":"http:\/\/paroquianossasenhoradaescada.com\/newsite\/wp-json\/wp\/v2\/media?parent=12872"}],"curies":[{"name":"wp","href":"https:\/\/api.w.org\/{rel}","templated":true}]}}